ors of 2146256666?
2, 31, 101, 233, 1471
List the prime factors of 32858372.
2, 19, 83, 5209
List the prime factors of 567859074.
2, 3, 163, 580633
List the prime factors of 17880940.
2, 5, 7, 11, 17, 683
What are the prime factors of 2320220557?
13331, 174047
List the prime factors of 229384046.
2, 114692023
What are the prime factors of 4173793151?
11, 43, 127, 69481
What are the prime factors of 337054058?
2, 11, 15320639
List the prime factors of 5057364013.
13, 5827, 66763
What are the prime factors of 564836067?
3, 17, 137, 26947
What are the prime factors of 7697795126?
2, 7, 17, 997, 32441
What are the prime factors of 1851139623?
3, 10337, 59693
What are the prime factors of 26522291?
241, 110051
List the prime factors of 2642058061.
2642058061
What are the prime factors of 87204899?
87204899
What are the prime factors of 36570332?
2, 17, 641, 839
What are the prime factors of 215788346?
2, 23, 617, 7603
List the prime factors of 804887310.
2, 3, 5, 19, 571, 2473
List the prime factors of 415972943.
415972943
List the prime factors of 244064754.
2, 3, 29, 467557
List the prime factors of 1039082360.
2, 5, 25977059
List the prime factors of 15310581.
3, 11, 13, 89, 401
List the prime factors of 2287177050.
2, 3, 5, 83, 183709
List the prime factors of 8337010.
2, 5, 11, 19, 3989
What are the prime factors of 14387197?
11, 1307927
List the prime factors of 1709285953.
1709285953
List the prime factors of 142438632.
2, 3, 7, 23, 191, 193
List the prime factors of 4862759987.
4862759987
What are the prime factors of 46071541?
73, 457, 1381
What are the prime factors of 83120452?
2, 20780113
List the prime factors of 17741134.
2, 8870567
What are the prime factors of 1221035903?
97, 173, 72763
List the prime factors of 765765152.
2, 347, 68963
List the prime factors of 39475469.
11, 3588679
What are the prime factors of 198148356?
2, 3, 7, 1783
What are the prime factors of 45967791?
3, 257, 59621
What are the prime factors of 12533962?
2, 7, 895283
What are the prime factors of 91766386?
2, 31, 43, 34421
List the prime factors of 138462290.
2, 5, 113, 122533
List the prime factors of 113336631.
3, 53, 79201
What are the prime factors of 32314584?
2, 3, 29, 1601
What are the prime factors of 119206402?
2, 7, 8514743
List the prime factors of 45516610.
2, 5, 4551661
What are the prime factors of 814594251?
3, 15671, 17327
List the prime factors of 43517481.
3, 7, 83, 24967
What are the prime factors of 50359801?
50359801
List the prime factors of 263281208.
2, 2647, 12433
What are the prime factors of 557337007?
71, 7849817
List the prime factors of 336883434.
2, 3, 56147239
List the prime factors of 70671563.
127, 241, 2309
What are the prime factors of 342857213?
14303, 23971
What are the prime factors of 30880257?
3, 41, 251059
What are the prime factors of 83494476?
2, 3, 13, 43, 461
List the prime factors of 396220870.
2, 5, 17, 19, 241, 509
What are the prime factors of 132633467?
71, 1291, 1447
List the prime factors of 1908481749.
3, 4691, 135613
What are the prime factors of 202369070?
2, 5, 199, 101693
What are the prime factors of 271723704?
2, 3, 7, 277, 5839
What are the prime factors of 337119994?
2, 2557, 65921
List the prime factors of 176090977.
43, 4095139
List the prime factors of 9637013476.
2, 251, 523, 18353
What are the prime factors of 279693394?
2, 59, 419, 5657
List the prime factors of 84653668.
2, 11, 29, 66343
List the prime factors of 397701935.
5, 139, 572233
List the prime factors of 10774854.
2, 3, 43, 13921
List the prime factors of 130644080.
2, 5, 7, 233293
What are the prime factors of 4451961?
3, 1483987
What are the prime factors of 205420278?
2, 3, 7, 617, 7927
List the prime factors of 552852.
2, 3, 5119
List the prime factors of 71618261.
11, 13, 181, 2767
List the prime factors of 579806309.
29, 19993321
List the prime factors of 113213141.
53, 167, 12791
What are the prime factors of 49082185?
5, 443, 22159
List the prime factors of 173340455.
5, 97, 241, 1483
List the prime factors of 4198383866.
2, 229, 9166777
List the prime factors of 4400508852.
2, 3, 127, 193, 4987
List the prime factors of 296975440.
2, 5, 751, 4943
What are the prime factors of 276607610?
2, 5, 1453, 19037
What are the prime factors of 4367928?
2, 3, 181997
What are the prime factors of 2882615011?
31, 1733, 53657
List the prime factors of 190477581.
3, 7, 157, 57773
List the prime factors of 906640130.
2, 5, 11, 8242183
What are the prime factors of 71454688?
2, 2232959
What are the prime factors of 716502610?
2, 5, 71650261
List the prime factors of 390836649.
3, 7, 18611269
List the prime factors of 814126022.
2, 17, 19, 37, 34061
What are the prime factors of 1685031652?
2, 37, 211, 53959
List the prime factors of 620390008.
2, 7, 61, 193, 941
List the prime factors of 3467074988.
2, 13, 4349, 15331
What are the prime factors of 1105600025?
5, 19, 2327579
What are the prime factors of 29356615?
5, 19, 41, 7537
What are the prime factors of 807250348?
2, 9203, 21929
What are the prime factors of 153466038?
2, 3, 11, 17, 127, 359
What are the prime factors of 649087332?
2, 3, 54090611
What are the prime factors of 24106692?
2, 3, 59, 79, 431
What are the prime factors of 80402321?
80402321
What are the prime factors of 4379821760?
2, 5, 43, 318301
List the prime factors of 39153497.
39153497
What are the prime factors of 40960752?
2, 3, 7, 17, 71, 101
List the prime factors of 60990167.
7, 67, 130043
What are the prime factors of 431749200?
2, 3, 5, 127, 2833
List the prime factors of 6792070006.
2, 31511, 107773
What are the prime factors of 46193848?
2, 89, 64879
What are the prime factors of 4569888?
2, 3, 181, 263
What are the prime factors of 7540504026?
2, 3, 11, 114250061
List the prime factors of 703534847.
21559, 32633
What are the prime factors of 1731586528?
2, 7, 7730297
List the prime factors of 275390680.
2, 5, 83, 109, 761
What are the prime factors of 2794818399?
3, 17471, 53323
List the prime factors of 1320355746.
2, 3, 163, 450019
What are the prime factors of 88433877?
3, 7, 601591
What are the prime factors of 2582923671?
3, 61, 4704779
What are the prime factors of 420532979?
420532979
List the prime factors of 4718894169.
3, 11, 19, 127, 3119
List the prime factors of 179039847.
3, 7, 8525707
List the prime factors of 467108840.
2, 5, 11, 23, 101, 457
List the prime factors of 40420378.
2, 20210189
What are the prime factors of 97149889?
947, 102587
List the prime factors of 69249170.
2, 5, 6924917
List the prime factors of 188860270.
2, 5, 61, 67, 4621
What are the prime factors of 341541241?
341541241
List the prime factors of 26931827.
13, 23, 90073
List the prime factors of 636945544.
2, 71, 1121383
List the prime factors of 32555318.
2, 16277659
What are the prime factors of 354641016?
2, 3, 151, 97859
List the prime factors of 746539073.
7, 106648439
List the prime factors of 37192336.
2, 2324521
What are the prime factors of 1896398959?
7, 13, 20839549
What are the prime factors of 352210037?
352210037
What are the prime factors of 2503404758?
2, 29, 43162151
What are the prime factors of 618624287?
19, 32559173
List the prime factors of 88333686.
2, 3, 7, 233687
What are the prime factors of 299634144?
2, 3, 3121189
List the prime factors of 118219585.
5, 11, 31, 69337
List the prime factors of 4343500.
2, 5, 7, 17, 73
What are the prime factors of 281810983?
19, 14832157
List the prime factors of 38379947.
83, 462409
List the prime factors of 185175184.
2, 661, 17509
List the prime factors of 661117132.
2, 13, 307, 41413
What are the prime factors of 4918058490?
2, 3, 5, 23, 127, 56123
List the prime factors of 34244804.
2, 11, 83, 9377
What are the prime factors of 970899651?
3, 79, 521, 2621
List the prime factors of 1785241595.
5, 29, 12312011
What are the prime factors of 37023023?
37023023
What are the prime factors of 91784891?
11, 1013, 8237
What are the prime factors of 992680206?
2, 3, 7, 61, 387463
List the prime factors of 121621077.
3, 17, 293, 2713
List the prime factors of 32450482.
2, 16225241
List the prime factors of 48042381.
3, 199, 80473
List the prime factors of 1997669708.
2, 101, 277, 17851
What are the prime factors of 632987245?
5, 11, 353, 32603
What are the 